- 7*t + 2. Suppose 5*c + 22 = 57. What is the remainder when 5 is divided by v(c)?
1
Suppose -2*w = 2*z + 3*z - 26, 3*w + 3 = 3*z. Calculate the remainder when 6 is divided by z.
2
Suppose 5 = 2*k - 9. What is the remainder when 13 is divided by k?
6
Suppose 13*m - 8*m + 245 = 0. Let q = m + 72. Calculate the remainder when 44 is divided by q.
21
Suppose 0*o + 171 = 3*o - 3*m, 4*o + m = 208. Let t(x) = x + 14. Calculate the remainder when o is divided by t(0).
11
Let p(u) = u**3 - 13*u**2 + 13*u - 1. What is the remainder when 30 is divided by p(12)?
8
Calculate the remainder when 109 is divided by 4/6*(2 - -19).
11
Suppose 0 = 8*o - 2*o - 540. What is the remainder when o is divided by 13?
12
Suppose 2*h - 25 = -3*h. What is the remainder when 13 is divided by (6 - h) + 8/2?
3
Let y = -10 - -29. Let q be (-6)/8*(0 + -8). Let k = 13 - q. What is the remainder when y is divided by k?
5
Let l = -48 - -32. Let q = 5 - l. Let i = 68 - 7. Calculate the remainder when i is divided by q.
19
Let t = 0 + -3. Let p be (1/t)/(2/(-18)). Calculate the remainder when -1 - (-13 + p/(-3)) is divided by 5.
3
Suppose -52 = 2*x - 4*y, 4*y = -3*x - 0*y - 38. Calculate the remainder when 33 is divided by x/((-5 + 1)/4).
15
Let p(w) = w**2 + 7*w + 22. Calculate the remainder when 93 is divided by p(-5).
9
Suppose 3*f - 1 = -4*o + 23, o = 3*f - 9. Suppose 0*r - o*r = 3. What is the remainder when 5 is divided by r/(-6)*2*6?
1
Suppose -2*q - 5*w + 36 = 0, w - 63 = -3*q - 2*w. What is the remainder when q is divided by 12?
11
Let g(a) be the third derivative of -a**6/120 + a**5/12 + a**4/4 + 7*a**3/6 + 4*a**2. What is the remainder when 12 is divided by g(6)?
5
Let t(j) = 6*j**2 + j - 1. Suppose 0 = 3*p - y + 4*y - 54, 2*p + 5*y = 45. Calculate the remainder when p is divided by t(1).
3
Suppose -3*q = -q. Suppose q*j + j - 12 = 0. What is the remainder when 23 is divided by j?
11
Calculate the remainder when (24/(-4))/(3/(-9)) is divided by 5.
3
Let j(a) = -a**3 + a**2 + a - 4. Let l be j(-4). Let g = -19 + l. What is the remainder when g is divided by 27?
26
Let u = 24 + -56. Calculate the remainder when (u + -2)*5/(-2) is divided by 22.
19
Let d = 14 + -9. What is the remainder when d is divided by 3?
2
Let s = -1 - -7. Let t(w) = 4*w - 3*w - 2*w + 6. What is the remainder when t(-5) is divided by s?
5
Let h(o) = -2*o + 9*o - o**3 - 5 - 3*o**2 + 11. What is the remainder when h(-6) is divided by 37?
35
Let g be (34/10 - 3)*15. Suppose 5*i + s = 7, 0 = -i + 2*s - g + 3. Calculate the remainder when i is divided by 1.
0
Let p = 15 + -9. Suppose 27 + 1 = z - 3*l, -112 = -4*z + 2*l. What is the remainder when z is divided by p?
4
Let b = 19 - -7. Calculate the remainder when 102 is divided by b.
24
Suppose 0 = 2*l + 8, 3*s - 2*l = 17 + 186. What is the remainder when 10 is divided by 1/(-3) + s/15?
2
Suppose 2*s - 44 = -0*s + 2*k, 101 = 5*s - 2*k. Suppose -y - 5*l + 128 = y, 2*l + 82 = y. Calculate the remainder when y is divided by s.
17
Suppose 3*i - 10 = i. Suppose i*n - 187 = -37. Let d = n + -18. What is the remainder when 22 is divided by d?
10
Let v be 6/(-30) + 32/10. Let i be 2/(-2*(-1)/v). Suppose -2*g = -6, 5*j = -i*g + 7*g + 38. Calculate the remainder when 28 is divided by j.
8
Suppose -3*k + 3*f + 74 = 8*f, 0 = -4*k - 2*f + 80. Let l(t) = 9*t**2 + 1. What is the remainder when k is divided by l(-1)?
8
Suppose -4*j - t = 30, 2*t = -j - j - 12. Let g(o) = -o**3 - 9*o**2 - 9*o + 9. Calculate the remainder when g(j) is divided by 10.
7
Let n(z) = -70*z**3 + 2*z**2 - 1. Suppose -36 = -27*p + 25*p. What is the remainder when n(-1) is divided by p?
17
Let s = -170 - -189. Calculate the remainder when 92 is divided by s.
16
Let b(y) = y**3 - 7*y**2 + 4*y + 2. What is the remainder when 57 is divided by b(7)?
27
Let m(r) = -16*r**3 + r. Suppose 1 = 3*t - 4*t. Let z(u) = -u**3 + 8*u**2 - 6*u - 3. Calculate the remainder when z(5) is divided by m(t).
12
Calculate the remainder when -3*((-854)/12 + (-7)/(-42)) is divided by 54.
51
Let w(s) = 3*s**3 - 2*s**2 - 5*s + 3. Let y be w(-4). Calculate the remainder when (-6)/(-10) + y/(-15) is divided by 5.
4
Let m(n) = -6*n**2 + 0 - 3 + 9*n + 15 + 5*n**2. Calculate the remainder when 35 is divided by m(9).
11
Let w = 105 + -43. Calculate the remainder when w is divided by 22.
18
Suppose -3*z - 62 = -5*d, -d + 17 = 5*z - z. What is the remainder when 23 is divided by d?
10
Let n = -124 + 184. What is the remainder when n is divided by 22?
16
Let k(l) = 7*l**2 + 7*l - 20. Calculate the remainder when k(3) is divided by 22.
20
Suppose 0 = -5*z + d, 2*z - 4*z - 4*d = 0. Suppose -2*k - 5*s + 19 = z, -108 = -k - 3*k + 4*s. Calculate the remainder when k is divided by 6.
4
Suppose 2*b = -j - 11 - 16, -163 = 5*j - 4*b. Suppose -3*g + 4*n + 175 = 0, 5*g + n = 4*n + 310. Let p = j + g. Calculate the remainder when p is divided by 9.
7
Calculate the remainder when 10 is divided by (0 + (0 - -2))/(1 + 0).
0
Suppose 31 = v - 4*w, 3*v = -v - 4*w + 104. Let m = v + -1. Calculate the remainder when m is divided by 9.
8
Let o = -14 - -23. Suppose h - o = 11. Calculate the remainder when 39 is divided by h.
19
Suppose 2*o - 5 = -4*f + 7, 2*o - 42 = 2*f. Suppose -5*k - r + 85 = -0*r, 3*r = -5*k + 75. Calculate the remainder when k/24 - 117/(-4) is divided by o.
14
Let p be (0 + 1)*21*30. Let i be 1/4 - p/(-40). Suppose 4 = 2*q - i. What is the remainder when q is divided by 4?
2
Let b(g) = g**2 - 6*g + 5. Let r = 6 - 2. Suppose -5*d = 10, r*x - x - 5*d - 37 = 0. Calculate the remainder when x is divided by b(6).
4
Let w be ((-2)/4)/(2/(-8)). Let p(q) = -q**2 + 13*q - 5. Calculate the remainder when 33/w*(4 - 2) is divided by p(11).
16
Suppose 0 = -5*b - 3*k - 12, 4*b - b - 16 = 4*k. Suppose b = -2*j + 5*j - 21. Let q = 55 + -36. Calculate the remainder when q is divided by j.
5
Suppose 0 = -5*b - 2*q + 67, 41 - 8 = 3*b + 3*q. What is the remainder when 89 is divided by b?
14
Calculate the remainder when ((-28)/10)/(2/(-5)) is divided by 2.
1
Suppose -73 = -4*p - 5. What is the remainder when 203 is divided by p?
16
Let x(h) = 6*h**2 - 2*h + 1. Let r be 5*(-4)/15*3. Let k be x(r). Suppose 6*c - c - k = 0. Calculate the remainder when 62 is divided by c.
20
Suppose 100 = -32*s + 37*s. What is the remainder when 58 is divided by s?
18
What is the remainder when 19 is divided by ((-10)/(-40))/(2/80)?
9
Suppose -14 = -2*u + d, 7 + 9 = 4*d. Calculate the remainder when 16 is divided by u.
7
Suppose y - 13 - 15 = 0. Calculate the remainder when 110 is divided by y.
26
Let t(p) = 11*p - 49. What is the remainder when 97 is divided by t(9)?
47
Let u be 79/(-9) + 8/(-36). Let y(v) = -v + 9. What is the remainder when y(u) is divided by 5?
3
Let k(f) = f + 3. Let y be k(4). Let c(p) = 4 - 5*p**2 - 5*p + p**3 + 1 - p**2. Calculate the remainder when c(y) is divided by 7.
5
Let i = -51 - -55. Calculate the remainder when 22 is divided by i.
2
Let w(f) = -4*f - 21. Let i(j) = -2*j - 10. Let b(h) = -13*i(h) + 6*w(h). Let t be (-6)/(-9) - 19/(-3). What is the remainder when b(t) is divided by 10?
8
Let w = -5 + 6. Suppose 0 = 3*u - 43 + w. What is the remainder when u is divided by 8?
6
What is the remainder when (-8)/36 + (-2092)/(-18) is divided by 17?
14
Let x(q) = q + 8. Let g be x(-7). Let d = g - -2. Suppose -16 = -j - d. What is the remainder when 38 is divided by j?
12
Calculate the remainder when (-6)/(-12) + (3 - 351/(-2)) is divided by 36.
35
Let g(a) = -a**3 + 32*a**2 - 31*a + 30. Calculate the remainder when 209 is divided by g(31).
29
Suppose 0 = -2*i - 2*i. Suppose 5*j - m - 102 - 116 = i, 186 = 4*j + 5*m. What is the remainder when j is divided by 15?
14
Suppose -5*j + 3*i = -25, 3*j - 11 = 2*i - i. Suppose y - b + 111 = 5*y, j*y - b - 51 = 0. What is the remainder when 52 is divided by y?
25
Let g(q) = 8*q - 1. Let x be g(-3). Suppose -3*d - 5*a = 28, 3*d + a + 4 = -28. Let r = d - x. Calculate the remainder when 26 is divided by r.
12
Suppose 2*g = 103 + 39. Calculate the remainder when g is divided by 18.
17
Suppose 2*n - 8*n + 330 = 0. What is the remainder when n is divided by 28?
27
Let n = -76 + 85. What is the remainder when 16 is divided by n?
7
Let o be 16/(-3) + 4/12. What is the remainder when o*((-78)/15 + -2) is divided by -